{"id":160,"date":"2021-08-06T09:44:36","date_gmt":"2021-08-06T09:44:36","guid":{"rendered":"https:\/\/www.pizzerie-jasany.cz\/?page_id=160"},"modified":"2021-08-06T09:44:36","modified_gmt":"2021-08-06T09:44:36","slug":"penzion-u-tri-jasanu","status":"publish","type":"page","link":"https:\/\/www.pizzerie-jasany.cz\/index.php\/penzion-u-tri-jasanu\/","title":{"rendered":"Penzion U T\u0159\u00ed Jasan\u016f"},"content":{"rendered":"","protected":false},"excerpt":{"rendered":"","protected":false},"author":3,"featured_media":0,"parent":0,"menu_order":0,"comment_status":"closed","ping_status":"closed","template":"","meta":{"ngg_post_thumbnail":0,"footnotes":""},"_links":{"self":[{"href":"https:\/\/www.pizzerie-jasany.cz\/index.php\/wp-json\/wp\/v2\/pages\/160"}],"collection":[{"href":"https:\/\/www.pizzerie-jasany.cz\/index.php\/wp-json\/wp\/v2\/pages"}],"about":[{"href":"https:\/\/www.pizzerie-jasany.cz\/index.php\/wp-json\/wp\/v2\/types\/page"}],"author":[{"embeddable":true,"href":"https:\/\/www.pizzerie-jasany.cz\/index.php\/wp-json\/wp\/v2\/users\/3"}],"replies":[{"embeddable":true,"href":"https:\/\/www.pizzerie-jasany.cz\/index.php\/wp-json\/wp\/v2\/comments?post=160"}],"version-history":[{"count":1,"href":"https:\/\/www.pizzerie-jasany.cz\/index.php\/wp-json\/wp\/v2\/pages\/160\/revisions"}],"predecessor-version":[{"id":163,"href":"https:\/\/www.pizzerie-jasany.cz\/index.php\/wp-json\/wp\/v2\/pages\/160\/revisions\/163"}],"wp:attachment":[{"href":"https:\/\/www.pizzerie-jasany.cz\/index.php\/wp-json\/wp\/v2\/media?parent=160"}],"curies":[{"name":"wp","href":"https:\/\/api.w.org\/{rel}","templated":true}]}}